et j = 60 - k. Let f(g) = 2*g + 7. What is the remainder when f(6) is divided by j?
9
What is the remainder when 46 + -57 + (-2 - -142) is divided by 30?
9
Let l = -66 - -62. Calculate the remainder when (-4 + (-26)/l)/(1/18) is divided by 23.
22
Let i(a) = -4*a**2 - 6 - 2*a**2 - 3*a + 7*a**2. Let p be i(5). Suppose -p*g + 98 = 34. What is the remainder when 46 is divided by g?
14
Let v(a) = 8 - 8*a - 3*a**2 + 0*a**2 + a**2 + a**2. Let w be v(-5). Let j = w - -88. Calculate the remainder when j is divided by 29.
24
Let y = -8 - -10. Suppose y*x - 5 + 3 = 0. Suppose -3*c + 2 = -x. What is the remainder when 2 is divided by c?
0
Let b(o) = -25*o + 11. Let m be b(-29). Suppose 4*h - m = -4*g, -2*h - 64 = -g + 126. What is the remainder when g is divided by 27?
24
Suppose -5*w + 261 = -3*v + 730, -4*v + 577 = 3*w. What is the remainder when v is divided by 30?
28
Let f be (-6)/(-9)*(-30)/(-4). Suppose 0 = 3*g - 4*g - 4*c + 13, f*c - 12 = -g. Let y(v) = 5*v - 32. What is the remainder when y(16) is divided by g?
14
Suppose 4*o - 7*o + 25 = -4*t, -o = -4*t - 19. Suppose o*g = -10 + 139. Calculate the remainder when g is divided by 22.
21
Let r = -126 - -130. Calculate the remainder when 14 is divided by r.
2
Let l(k) = -k**3 - 34*k**2 + 30*k + 54. Let f be l(-30). Calculate the remainder when (f/(-76))/(2/4) is divided by 6.
3
Let d(o) be the second derivative of -2*o**3/3 + 38*o**2 - 28*o. Calculate the remainder when d(9) is divided by 15.
10
Let q(c) = -c**3 - 7*c**2 - 4*c + 8. Let s be q(-6). Let x be -246*(s/(-3) - 2). Calculate the remainder when 20 is divided by (-2)/(-14) + x/28.
2
Let a(r) be the first derivative of -5*r**2/2 - 3*r + 6. Calculate the remainder when (-678)/(-14) + 2 + 34/(-14) is divided by a(-4).
14
Let h(b) = b**3 - 2*b**2 - 3*b. Let u be h(-2). Let c(m) = -m + 2. Let i be c(u). Let p = 23 - i. What is the remainder when 30 is divided by p?
8
Let y(u) = u**2 + 11*u + 7. Let k be (-1140)/96 + (-1)/8. Calculate the remainder when y(k) is divided by 11.
8
Let x be -4 - (1560/(-4) + -4). Calculate the remainder when x/6 - (-8)/2 is divided by 24.
21
Let s(f) = f**3 + 4*f**2 - 3*f + 3. Let p be s(-5). Let i = -90 + 109. Let k = p + i. What is the remainder when 47 is divided by k?
11
Let u = -12 - -17. Suppose -u*h - 1 = 4. Let c(k) = -20*k**3 + k**2 + k. What is the remainder when c(h) is divided by 7?
6
Let j = -45 + 114. Calculate the remainder when 549 is divided by j.
66
Let x(g) = g**3 - 2*g**2 + 10*g - 46. Suppose 2*v = 3*v - 4. Calculate the remainder when x(4) is divided by v.
2
Let y(m) = -2*m - 2. Let f = -8 + 3. What is the remainder when ((-15)/10)/(6/(-56)) is divided by y(f)?
6
Suppose 0 = 5*j + 3*y + 23 - 59, 2*j = -4*y + 6. Calculate the remainder when 157 is divided by j.
4
Let y be (3/(-6))/(3/(-36)). Let a be y/15 - 313/(-5). Suppose 2*o = -o + a. What is the remainder when o is divided by 8?
5
Let a(m) = -2*m + 11. Let h be a(4). Suppose h*x - 22 = 5. Calculate the remainder when 26 is divided by x.
8
Let i(r) = r**2 + 9*r + 13. Suppose 68 = -5*j + 9*j. Calculate the remainder when i(-12) is divided by j.
15
Let z = 31 + -22. What is the remainder when 32 is divided by z?
5
Suppose 4*n + 5*a + 32 = 73, 68 = 4*n - 4*a. Let t be -2*-2*40*-1. Calculate the remainder when (t/(-12))/((-1)/(-3)) is divided by n.
12
Let a(h) = -3*h**2 - 1. Let i be a(2). Let d be (-11 - i)/(2/5). Suppose -d*n + 3*l + 127 = -n, 2*n - 71 = -l. What is the remainder when 100 is divided by n?
32
Calculate the remainder when 498 is divided by (-6)/(-5)*((-114)/(-9) - -4).
18
Suppose -4 = -5*j + 4*c - 104, 20 = -j + 2*c. Let s(t) = 5*t**2 + 2*t + 3. Calculate the remainder when s(-2) is divided by (-28)/j*(-5 - -10).
5
Suppose 0 = -5*k - 5*p + 310, -310 = 5*k - 10*k - 2*p. Calculate the remainder when k is divided by 7.
6
Suppose 2*g - 3*z = -4*z + 36, -4*z = 2*g - 42. Let s = 844 - 836. Calculate the remainder when g is divided by s.
1
Suppose 112 = 7*a - 3*a. Suppose 3*m - 2*b + 56 = 7*m, 0 = -m - 4*b + a. Calculate the remainder when 58 is divided by m.
10
Let c(y) = -8*y - 157. Calculate the remainder when 72 is divided by c(-22).
15
Let d = 37 + -47. Let a(c) = c**3 + 12*c**2 + 15*c + 15. What is the remainder when a(d) is divided by 17?
14
What is the remainder when (4/(-12))/((12/(-2043))/4) is divided by 10?
7
Let o = -22 + 44. Suppose -i = -5*x + 6 - 1, 4*i + 3*x = 72. Calculate the remainder when o is divided by i.
7
Suppose 5*f = -n + 298, f - 71 = -2*n - 2*n. What is the remainder when f is divided by 49?
10
Let p(l) = -47*l + 9. Suppose 0 = 3*a - 3 + 6. Calculate the remainder when p(a) is divided by 15.
11
Let s(u) be the second derivative of 3*u**5/20 - 2*u**3/3 + 3*u**2/2 - 12*u. Let b = -1 - -3. What is the remainder when 36 is divided by s(b)?
17
Let j be (-38*1/8)/(1/(-4)). Let o(r) = r - 2. Let v be o(-7). Let z = j + v. Calculate the remainder when 27 is divided by z.
7
Suppose 0 = -3*a - 3*p - 185 + 194, -4*a - p = -15. Suppose 79 = 4*k + 15. What is the remainder when k is divided by a?
0
Let z be (-4)/(2 + (-4 - -1)). Suppose 0 = -0*a + z*a - 16. What is the remainder when a/1 + (-182)/(-7) is divided by 11?
8
Let r = 9 + 1. Suppose -14*f - 175 = -9*f. What is the remainder when r/f - (-466)/14 is divided by 9?
6
Let t be 2/((-8)/12*3). Let v(k) be the third derivative of -4*k**4/3 - k**3/6 - k**2. Calculate the remainder when v(t) is divided by 8.
7
Calculate the remainder when 219 is divided by 97 + -36 + 1/((-1)/3).
45
Let g = -3 - -673. Calculate the remainder when g is divided by 48.
46
Let i = 855 + -849. Let u = 36 + 9. What is the remainder when u is divided by i?
3
Let m be 1*(-6 + 3) + -23. Let p = 51 + m. Suppose p = 4*s - 2*d - 15, -2*d = 4*s - 48. Calculate the remainder when s is divided by 3.
2
Let o(v) = -1614*v - 5. What is the remainder when o(-1) is divided by 13?
10
Suppose -m - 4*f - 114 = -6*m, -5*m = -5*f - 115. Let q(r) = 8*r - 31. Calculate the remainder when m is divided by q(5).
4
Suppose -9*v = -1970 - 6040. Suppose v - 272 = 6*f. What is the remainder when f is divided by 2/1 + -3 - -27?
25
Let n(h) = -h**3 + 10*h**2 - 20*h - 2. Let z be n(9). Let p = z - -122. What is the remainder when p is divided by 5?
1
Suppose -4*u + 131 = -3*q, q + 19 + 43 = 5*u. Let f = q - -45. What is the remainder when 13 is divided by f?
5
Calculate the remainder when 105/(1/(20/30)) is divided by 29.
12
Let h = 3 - 11. Calculate the remainder when (1 + -56)/(h/16) is divided by 28.
26
Let u(t) = t - 1. Let b be u(5). Let n = 4 + b. Suppose 3*p - 74 = -5*i + 56, 2*p - 79 = -3*i. What is the remainder when i is divided by n?
7
Let r(m) = -m**3 - 12*m**2 - 21*m + 26. What is the remainder when (-141)/2*-2 + 0 is divided by r(-10)?
33
Let w(l) = l**3 + 9*l**2 + 13*l - 1. Let h be (22/(-6) + 2)*27/9. What is the remainder when w(h) is divided by 13?
8
Suppose 3 = -5*r + 18. Suppose -r*l - 25 = -163. Calculate the remainder when l is divided by 16.
14
Calculate the remainder when 68 is divided by (12 + (-120)/16)*28/6.
5
Let k = -177 + 431. Calculate the remainder when k is divided by 43.
39
Let p = -693 + 707. Suppose -3*r + 2*q + 19 = 0, -4*q + 1 = 2*r - 1. What is the remainder when p is divided by r?
4
Suppose 998 + 73 = 21*g. Suppose -4*o = -14 - 30. What is the remainder when g is divided by o?
7
Let g(n) = 0*n + 6*n + 0*n - 1. Let c = 13 - -1. What is the remainder when c is divided by g(1)?
4
Let z = -849 + 861. Calculate the remainder when 102 is divided by z.
6
What is the remainder when 162 is divided by 342/(-21)*42/(-12)?
48
Suppose -b + 4*k - 23 + 3 = 0, -4*b - 2*k + 10 = 0. Suppose b = v - 101 - 52. What is the remainder when v is divided by 26?
23
Let y be 288/30 - 6/10. Suppose -6*z + 150 = y*z. Calculate the remainder when z is divided by 3.
1
Let a(w) = 2*w**3 + w**2 - 2. Let y be a(0). Let u(t) = -5*t - 4. Calculate the remainder when 9 is divided by u(y).
3
Suppose 390 - 1094 = -22*a. Calculate the remainder when a is divided by 20.
12
Suppose -6 = -2*o, -4*j = -5*j - 3*o + 34. What is the remainder when 322 is divided by j?
22
Suppose -d = 4*n + 16 + 26, 4*d + 28 = -2*n. Let m = n + 22. What is the remainder when 47 is divided by m?
11
Suppose -215 - 65 = -8*p. Let k = p + 7. What is 